mmon divisor of 68 and 9225866.
34
Calculate the highest common divisor of 5763876 and 57.
3
Calculate the greatest common divisor of 7574 and 77902377.
3787
What is the highest common divisor of 177625 and 3179125?
3625
Calculate the greatest common factor of 4881708 and 12.
12
Calculate the highest common divisor of 106509483 and 2007.
2007
Calculate the highest common factor of 716478 and 7569322.
4874
What is the greatest common divisor of 700175906 and 1734?
578
What is the greatest common factor of 303831 and 1525689?
3267
Calculate the greatest common divisor of 448 and 4102903.
7
What is the greatest common factor of 210221 and 23925?
319
What is the greatest common factor of 2743 and 1897571?
13
What is the highest common divisor of 121 and 166790558?
11
Calculate the greatest common divisor of 3752 and 86649157.
469
Calculate the highest common divisor of 7585 and 4773483220.
7585
What is the highest common divisor of 90895145 and 4180?
1045
What is the greatest common factor of 261744702 and 4855?
971
Calculate the greatest common divisor of 3596 and 2032317158.
1798
What is the greatest common divisor of 322465 and 5037916?
533
Calculate the highest common divisor of 2885 and 1920833.
577
What is the highest common factor of 59185259 and 224?
7
What is the highest common factor of 138 and 2359410?
6
Calculate the highest common divisor of 80124 and 53724.
132
What is the greatest common factor of 1805 and 40280190?
95
What is the greatest common divisor of 114 and 8022617?
19
Calculate the greatest common divisor of 111381518 and 3944.
986
Calculate the highest common factor of 17009 and 1923881.
233
What is the highest common factor of 7265097 and 315?
63
Calculate the highest common factor of 1267250 and 82750.
250
Calculate the greatest common factor of 453440 and 648986.
2834
What is the highest common divisor of 483 and 2578906050?
483
What is the greatest common divisor of 63053172 and 756?
252
Calculate the greatest common factor of 109181448 and 24.
24
Calculate the highest common factor of 163180 and 56516.
796
Calculate the greatest common divisor of 14716 and 48568.
52
Calculate the greatest common factor of 308396 and 3761714.
3586
Calculate the greatest common factor of 110780 and 551290.
290
Calculate the greatest common divisor of 1360 and 2236945.
85
What is the highest common divisor of 210 and 57479730?
210
Calculate the greatest common divisor of 276968 and 157708.
356
What is the highest common factor of 1788920 and 244?
4
Calculate the highest common divisor of 11 and 129183373.
11
Calculate the greatest common divisor of 838998970 and 5030.
5030
Calculate the highest common divisor of 13593242 and 1494.
166
What is the highest common factor of 3652 and 4701452?
332
Calculate the greatest common divisor of 1 and 37875260.
1
Calculate the highest common divisor of 289602889 and 311.
311
What is the greatest common divisor of 6732 and 74542824?
612
Calculate the highest common divisor of 1736844 and 29472.
12
What is the highest common factor of 5740375 and 375?
125
Calculate the greatest common divisor of 1026 and 412749.
27
Calculate the highest common factor of 1494 and 84671703.
747
Calculate the highest common factor of 2464570 and 39590.
370
What is the highest common divisor of 1085 and 4848431?
217
What is the highest common factor of 7858 and 3932?
2
What is the highest common factor of 8647446 and 534?
6
What is the greatest common divisor of 34813 and 268553?
31
Calculate the highest common divisor of 524 and 141427993.
131
Calculate the highest common factor of 43516 and 508.
4
What is the greatest common factor of 1057000 and 742?
14
Calculate the highest common factor of 40480 and 8219970.
2530
What is the highest common factor of 1911 and 1280877?
39
Calculate the greatest common divisor of 36132783 and 316.
79
Calculate the highest common divisor of 19 and 25666378.
19
What is the highest common divisor of 17381 and 12274444?
91
What is the greatest common factor of 800 and 122759920?
80
Calculate the highest common divisor of 182339924 and 44980.
8996
Calculate the greatest common factor of 3411080 and 175960.
2120
Calculate the greatest common factor of 54 and 1932474.
6
Calculate the highest common factor of 186 and 2849086.
62
Calculate the greatest common factor of 211770 and 212340.
30
What is the highest common factor of 225 and 1307322?
9
What is the highest common divisor of 980 and 169311415?
245
What is the highest common factor of 383972 and 4500?
4
Calculate the greatest common factor of 1603938 and 1722.
42
Calculate the greatest common factor of 1875883 and 249.
83
Calculate the highest common divisor of 5746 and 35403979.
2873
What is the greatest common divisor of 168500 and 3125?
125
Calculate the greatest common divisor of 2652 and 2388360.
156
Calculate the highest common factor of 156 and 5617716.
156
What is the highest common divisor of 333064 and 3026?
34
Calculate the greatest common divisor of 11 and 23765511.
11
Calculate the highest common divisor of 1627628 and 120.
4
What is the greatest common divisor of 49261960 and 3960?
440
Calculate the highest common divisor of 200 and 43676200.
200
What is the highest common factor of 438 and 7542506?
146
What is the highest common factor of 447120968 and 2488?
2488
What is the highest common factor of 90078894 and 27864?
774
Calculate the greatest common factor of 3281244 and 12513.
129
What is the highest common factor of 20958 and 405804?
42
What is the highest common factor of 201141 and 39?
3
Calculate the highest common factor of 156990 and 590.
10
Calculate the greatest common divisor of 2443 and 1208.
1
Calculate the highest common factor of 5597 and 4820947.
193
What is the greatest common divisor of 2554312 and 528?
8
What is the highest common divisor of 288028 and 43616?
116
What is the greatest common divisor of 6200316 and 16?
4
What is the greatest common factor of 22 and 7603354?
22
Calculate the greatest common factor of 3551 and 3328771.
53
Calculate the greatest common divisor of 496 and 6775918.
62
What is the highest common divisor of 1509480 and 378630?
630
Calculate the highest common divisor of 296891 and 2387246.
6059
Calculate the greatest common divisor of 1438 and 21071014.
1438
Calculate the highest common divisor of 11956 and 113288.
196
Calculate the greatest common factor of 313866 and 543886.
742
Calculate the greatest common divisor of 14739 and 67567911.
867
What is the highest common divisor of 42053206 and 26?
26
Calculate the highest common factor of 145 and 177575.
5
What is the highest common divisor of 831902128 and 48?
16
What is the greatest common divisor of 2079039 and 59271?
69
Calculate the greatest common factor of 375 and 66507.
3
Calculate the highest common factor of 1202778 and 360.
18
What is the greatest common divisor of 1743711 and 21?
3
What is the highest common divisor of 1532862 and 4?
2
Calculate the greatest common factor of 59740120 and 20.
20
Calculate the greatest common factor of 64521764 and 56537.
4349
What is the highest common divisor of 25 and 2945249?
1
Calculate the greatest common factor of 3555684 and 762.
6
What is the greatest common factor of 1454 and 32852403?
727
Calculate the highest common factor of 212322 and 2112.
66
Calculate the highest common divisor of 50 and 214043950.
50
Calculate the greatest common factor of 537174 and 90.
18
Calculate the greatest common divisor of 5599248 and 236274.
4458
What is the highest common divisor of 401192 and 125114?
1034
What is the greatest common divisor of 24 and 271518108?
12
What is the greatest common divisor of 13840498 and 84?
14
Calculate the greatest common factor of 1416048 and 456.
24
What is the greatest common divisor of 245740718 and 4506?
1502
What is the highest common factor of 213315 and 6735?
15
What is the highest common divisor of 4208 and 314943289?
263
What is the highest common divisor of 432866 and 432?
2
Calculate the greatest common divisor of 18327815 and 605.
55
What is the highest common factor of 1497216 and 50130?
3342
What is the highest common factor of 8928 and 759168?
288
What is the greatest common divisor of 4788 and 941488?
76
What is the greatest common divisor 